16*s**2 + 23*s - 1676. What is n(-11)?
7
Let v(h) = -4*h + 2. Determine v(-6).
26
Let x(t) = 2*t**2 + 8*t + 103. Determine x(-13).
337
Let p(q) = -q**3 + 10*q**2 - 21*q + 67. What is p(9)?
-41
Let j(d) = 1277*d + 10226. Give j(-8).
10
Let d(u) = -60*u - 3655. Determine d(-61).
5
Let w(l) = -l**2 - 108*l - 1849. Determine w(-21).
-22
Let f(d) = -d**2 - 60*d - 963. What is f(-36)?
-99
Let x(s) = 17*s + 291. Calculate x(-5).
206
Let b(c) = -60*c + 487. Determine b(8).
7
Let g(x) = 2*x**2 - 405*x + 18156. Calculate g(67).
-1
Let a(z) = -2*z**3 - 4*z**2 - 2*z - 33. Give a(-5).
127
Let k(a) = -a**3 + 40*a - 86. Give k(4).
10
Let k(g) = -g**3 + 3*g**2 - 6*g + 70. Give k(5).
-10
Let r(n) = -n**2 + 186*n - 1598. Determine r(9).
-5
Let u(j) = j**2 - 94*j - 13170. Give u(-77).
-3
Let n(x) = 3*x**2 - 31*x - 22. What is n(10)?
-32
Let z(f) = 10137*f + 10149. Calculate z(-1).
12
Let g(i) = 28*i**3 + 5*i**2 - 6*i + 3. Calculate g(1).
30
Let g(f) = -3*f**2 - 20*f - 4. Determine g(-6).
8
Let a(j) = j**3 - 10*j**2 + 42. Give a(9).
-39
Let r(d) = -114*d - 715. Give r(-6).
-31
Let x(z) = -z**2 - 15*z + 20. Give x(-19).
-56
Let c(s) = 4*s**3 + 9*s**2 - 13*s + 5. Calculate c(-4).
-55
Let l(i) = -7*i**2 + 96*i + 45. Calculate l(14).
17
Let q(v) = -v**3 + 37*v**2 - 36*v + 8. What is q(36)?
8
Let a(t) = -98*t - 7438. Determine a(-76).
10
Let l(f) = f + 160. Determine l(89).
249
Let z(b) = 4*b**2 - 81*b - 334. What is z(-4)?
54
Let k(h) = 3*h**3 + 5*h**2 - 497*h - 13. What is k(-14)?
-307
Let b(s) = s**2 + 2492*s - 12444. What is b(5)?
41
Let v(w) = -w**2 - 23*w + 48. Determine v(-20).
108
Let g(x) = 192*x + 969. Determine g(-5).
9
Let b(g) = g**3 - 26*g**2 - 25*g - 3. What is b(27)?
51
Let j(q) = -13*q - 62. Determine j(-18).
172
Let s(t) = 2*t**2 + 62*t - 180. Calculate s(4).
100
Let t(a) = 33*a - 1836. Calculate t(58).
78
Let q(u) = 64*u**2 + 137*u + 11. Determine q(-4).
487
Let l(d) = d**2 + 7*d + 39. What is l(-17)?
209
Let b(z) = -3*z**2 - 8*z - 2. Calculate b(2).
-30
Let z(g) = -831*g + 64818. Give z(78).
0
Let l(o) = o**3 + 38*o**2 + 168*o + 103. Give l(-33).
4
Let r(t) = t**3 - 2*t**2 - t + 7. Give r(0).
7
Let a(c) = c**3 - 6*c**2 + 18*c - 29. What is a(4)?
11
Let h(t) = 173*t + 5518. Give h(-32).
-18
Let j(w) = w**2 - 23*w + 28. Determine j(18).
-62
Let y(k) = -2*k**3 - k**2 - 17*k - 17. Determine y(-1).
1
Let l(j) = -3*j**3 - 31*j**2 - 42*j - 52. Give l(-9).
2
Let v(o) = 2*o + 361. What is v(-20)?
321
Let o(m) = m**3 - 136*m**2 - 297*m + 2886. Determine o(138).
-12
Let x(g) = -g**3 - 24*g**2 + 26*g + 1130. Calculate x(-23).
3
Let h(b) = -30*b**2 - 3*b + 20. Calculate h(2).
-106
Let y(b) = b**2 + 18*b + 170. Calculate y(-23).
285
Let p(t) = -t**3 - 16*t**2 - 19*t + 16. Give p(-15).
76
Let o(i) = -i**3 - 5*i**2 - 3*i - 14. What is o(-3)?
-23
Let q(b) = -30*b**2 - 351*b - 199. What is q(-11)?
32
Let j(p) = -6*p**2 + 256*p - 16. Give j(44).
-368
Let l(o) = -o**3 + 53*o**2 + 122*o - 667. Determine l(55).
-7
Let f(p) = -843*p + 364. Give f(-1).
1207
Let f(g) = 684*g + 4762. Determine f(-7).
-26
Let i(t) = t**2 - t - 193. Calculate i(-7).
-137
Let b(s) = -63*s**2 + 246*s - 247. Determine b(1).
-64
Let l(w) = -w**3 + 17*w**2 - 4*w - 125. What is l(17)?
-193
Let z(p) = -3*p + 10. Give z(0).
10
Let c(s) = -61*s**2 + 3662*s - 124. Calculate c(60).
-4
Let g(s) = -s**2 + 49*s - 266. What is g(41)?
62
Let w(s) = s**2 - 208*s - 7689. Calculate w(-32).
-9
Let y(r) = 56*r**2 - 1122*r + 13. Determine y(20).
-27
Let b(s) = -s**3 + 44*s**2 - 191*s + 34. What is b(39)?
190
Let n(u) = -7*u**3 + 323*u**2 - 48*u + 98. Give n(46).
6
Let t(c) = -c**3 + 3*c**2 + 26*c + 8. What is t(6)?
56
Let n(o) = -o**3 - 10*o**2 + 169*o + 40. Determine n(-19).
78
Let u(n) = -3*n**2 - 1460*n + 43782. Give u(-515).
7
Let v(y) = 2*y**2 - 138*y + 1359. What is v(12)?
-9
Let p(l) = -1002*l + 25061. Calculate p(25).
11
Let m(o) = -2*o**3 + o**2 + 85*o + 4. What is m(-6)?
-38
Let h(o) = -3*o**2 - 109*o - 32. What is h(-36)?
4
Let p(v) = -24*v**2 - 111*v + 21. Give p(-5).
-24
Let t(d) = 16*d - 1296. Determine t(85).
64
Let u(z) = -31*z**3 + 4*z**2 + 6*z + 3. Determine u(-1).
32
Let u(n) = -67*n**2 + 21*n + 11. What is u(-3)?
-655
Let m(x) = -3*x**3 - 15*x**2 + 3*x - 82. What is m(-7)?
191
Let h(z) = 2*z**2 + 55*z - 121. Determine h(-30).
29
Let q(y) = 4*y**3 - 13*y**2 + 4*y - 51. Calculate q(4).
13
Let u(r) = 116*r - 3365. What is u(29)?
-1
Let k(c) = 8*c + 9. Give k(3).
33
Let y(i) = -i**3 - 4*i**2 + 81*i + 42. Determine y(-11).
-2
Let v(t) = -8*t - 724. Give v(-24).
-532
Let l(b) = -4*b**2 + 9*b - 41. Calculate l(6).
-131
Let y(a) = a**3 - 49*a**2 + 316*a + 63. What is y(41)?
-429
Let t(r) = -8*r - 73. Calculate t(-12).
23
Let v(q) = -6*q**3 + 25*q**2 + 197*q - 806. What is v(4)?
-2
Let k(x) = -x**2 - 28*x - 112. Calculate k(-28).
-112
Let w(d) = d**3 - 12*d**2 + 7*d. Give w(12).
84
Let k(m) = -m**3 + 2*m**2 + 31*m + 33. Give k(-5).
53
Let z(r) = r**3 - 8*r**2 - 20*r - 81. Calculate z(12).
255
Let w(f) = 144*f + 422. What is w(-3)?
-10
Let c(v) = -31*v + 807. What is c(26)?
1
Let h(n) = n**3 + 447*n**2 + 8540*n - 6. Give h(-20).
-6
Let t(y) = -131*y**3 - 3*y + 3. Calculate t(1).
-131
Let j(x) = -19*x**3 - 3*x**2 - 5*x - 6. What is j(-2)?
144
Let l(o) = -o**2 + 120*o - 1476. Calculate l(14).
8
Let d(y) = y**2 - 49*y - 15644. Give d(-103).
12
Let r(q) = -q**3 + 25*q**2 + 23*q + 44. Calculate r(26).
-34
Let t(f) = -13*f**2 - 56*f + 139. Give t(3).
-146
Let g(b) = -150*b**2 - 1788*b + 139. Determine g(-12).
-5
Let q(y) = 25*y**2 - 2*y - 13. Calculate q(3).
206
Let c(r) = 10*r - 41. Give c(-10).
-141
Let l(r) = -27*r**2 + 157*r + 2971. Calculate l(-8).
-13
Let s(l) = -l**2 + 45*l - 129. Determine s(42).
-3
Let w(q) = 27*q - 1801. Calculate w(67).
8
Let x(d) = -d**3 - 17*d**2 - 60*d + 70. Calculate x(-11).
4
Let s(q) = 166*q + 551. What is s(-4)?
-113
Let l(b) = b**3 - 16*b**2 + 115*b - 332. Determine l(6).
-2
Let y(x) = 9*x**2 + 568*x + 55. Calculate y(-63).
-8
Let j(f) = 2*f**2 + 54*f + 59. Determine j(-14).
-305
Let r(j) = -259*j + 11654. Give r(45).
-1
Let f(d) = 44*d - 787. Determine f(18).
5
Let t(v) = 2*v**3 + 16*v**2 - 39*v - 189. Determine t(-9).
0
Let h(w) = 156*w - 1075. What is h(7)?
17
Let c(m) = -3*m**2 - 173*m - 1222. Determine c(-49).
52
Let m(v) = -72*v + 261. What is m(4)?
-27
Let s(v) = -v**2 + 58*v - 149. Calculate s(54).
67
Let j(l) = 3*l**2 + 60*l. Give j(-20).
0
Let g(o) = o**3 - 35*o**2 + o - 7. Determine g(35).
28
Let b(q) = q**2 + 24*q - 190. Determine b(-32).
66
Let i(m) = m**2 - 8*m + 56. What is i(6)?
44
Let c(d) = d**2 - 54*d - 59. Give c(53).
-112
Let q(p) = 8*p + 228. Give q(-26).
20
Let i(h) = -h**2 + 10*h + 187. Calculate i(-8).
43
Let o(y) = -771*y + 767. Determine o(1).
-4
Let y(l) = -l**3 + 20*l**2 + 15*l - 237. What is y(20)?
63
Let f(z) = 151*z + 5245. What is f(-33)?
262
Let y(j) = -138*j - 1040. Calculate y(-7).
-74
Let m(g) = 479*g**2 + 1920*g - 9. Calculate m(-4).
-25
Let p(q) = -2*q**2 - 27*q - 58. What is p(-9)?
23
Let h(p) = -4*p + 78. What is h(4)?
62
Let k(w) = -43*w - 310. Determine k(-8).
34
Let g(c) = -2*c**2 - 2590*c + 7811. Give g(3).
23
Let w(l) = 39*l - 44. Give w(9).
307
Let a(g) = g + 67. Determine a(-36).
31
Let w(i) = -2*i**2 + 54*i - 135. Determine w(3).
9
Let x(i) = -8*i**3 - 3*i**2 + 34*i + 36. Calculate x(-1).
7
Let c(m) = -m - 222. Give c(-5).
-217
Let t(q) = 65*q - 158. What is t(-5)?
-483
Let c(n) = n**3 - 20*n**2 + 81*n - 570. Determine c(18).
240
Let s(h) = -h**3 + 12*h**2 - 15*h - 64. Calculate s(12).
-244
Let r(n) = 16*n - 267. What is r(18)?
21
Let b(a) = 3038*a - 3034. Give b(1).
4
Let o(s) = 8*s - 187. What is o(27)?
29
Let b(s) = -s**3 + 3*s**2 - 12*s + 8. Determine b(4).
-56
Let m(h) = 2*h**2 + 37*h - 42. Determine m(-20).
18
Let v(i) = 22*i + 47. What is v(-5)?
-63
Let s(u) = -321*u + 1627. Determine s(5).
22
Let u(a) = 242*a - 37. What is u(1)?
205
Let i(o) = -o**3 + 59*o**2 - 152*o + 2165. Give i(57).
-1
Let n(p) = -7*p**3 - 448*p**2 + p + 54. Give n(-64).
-10
Let h(c) = 50*c**2 - 1100*c - 8. Give h(22).
-8
Let b(k) = k**3 + 11*k**2 + 34*k + 193. Give b(-10).
-47
Let w(g) = 125*g - 2488. Determine w(20).
12
Let p(b) = -b**3 - 45*b**2 - 47*b - 127. Determine p(-44).
5
Let d(s) = -62*s + 859. Give d(14).
-9
Let v(i) = -559*i - 727